{"id":55,"date":"2020-10-15T17:21:38","date_gmt":"2020-10-15T08:21:38","guid":{"rendered":"http:\/\/horaiya.com\/2\/?page_id=55"},"modified":"2024-11-02T11:35:26","modified_gmt":"2024-11-02T02:35:26","slug":"es","status":"publish","type":"page","link":"http:\/\/horaiya.com\/2\/es\/","title":{"rendered":"HORAIYA\u2161"},"content":{"rendered":"\r\n<div class=\"slider\" data-parallax=\"\" scroll=\"\" data-image-src=\"http:\/\/horaiya.com\/2\/wp-content\/uploads\/sites\/8\/tcd-w\/main01.jpg\"><\/div>\r\n<div class=\"home\">\r\n<div class=\"text\">\r\n\t<p>\r\n\tNuestra casa se abri\u00f3 en 1947. En aquella \u00e9poca era despu\u00e9s de la guerra y hab\u00eda muy poca variedad en la alimentaci\u00f3n, el arroz y la carne fueron muy limitados, pero no hab\u00eda el reglamento con &#8220;Motsu (\u00f3rganos internos del cerdo)&#8221;.<br>\r\n\tEl primer due\u00f1o de la casa compr\u00f3 el Motsu y sirvi\u00f3 junto con el Sake y fue un gran \u00e9xito.Otras casas de &#8220;Omoide-yokocho&#8221; tambi\u00e9n comenzaron Yakitori-ya (taberna de Yakitori) a imitarnos.Por esta raz\u00f3n, hay muchas Yakitori-ya en este callej\u00f3n de &#8220;Omoide-Yokocho&#8221;.Nuestra casa fue el origen de &#8220;Yakitori-ya&#8221; en el callej\u00f3n &#8220;Omoide-Yokocho&#8221;.Hoy en d\u00eda no servimos solamente el &#8220;Motsu&#8221; sino tambi\u00e9n &#8220;Pollo&#8221; y &#8220;At\u00fan (Maguro)&#8221; como pinchos (Kushiyaki). Disfruten a nuestro Yakitori a la brasa con carb\u00f3n por un trabajo muy delicado del chef.Adem\u00e1s tenemos m\u00e1s de 50 art\u00edculos de los platos muy t\u00edpicos en Jap\u00f3n.Los asientos de nuestra casa dan una imagen de ser muy estrechos pero es el estilo del viejo Jap\u00f3n desde la posguerra. Por favor que disfruten de ella tambi\u00e9n.Esta peque\u00f1a taberna, pero aparece en revistas, peri\u00f3dicos y la televisi\u00f3n, que es visitado a menudo por muchos escondite celebridad.\r\n\t<\/p>\r\n<\/div>\r\n\r\n<div class=\"text box17\">\r\n\t<h5>Hay algunas cosas que les rogamos a los clientes.<\/h5>\r\n\t<ul>\r\n\t\t<li>Les rogamos que pida una bebida y un plato por persona.<\/li>\r\n\t\t<li>TSe cobra un aperitivo que llamado &#8220;Otoshi&#8221; por persona como un derecho de mesa.<\/li>\r\n\t\t<li>Tienen 2 horas para estar.<\/li>\r\n\t\t<li>El precio indicado en el men\u00fa no est\u00e1 incluido el IVA. En el momento de su solicitud la cuenta, se lo calculamos quitando por el importe menor de 10 yenes japoneses y m\u00e1s IVA en el precio total.<\/li>\r\n\t\t<li>Aceptamos s\u00f3lo en efectivo a pagar.<\/li>\r\n\t\t<li>No se dividen los asientos para fumadores y no fumadores.<br>\r\n\t\tSe permite a fumar en toda la casa.<\/li>\r\n\t<\/ul>\r\n<\/div>\r\n\r\n<div class=\"text\">\r\n\t<p>\r\n\t\tHay muy pocas casas que se acepten las tarjetas de cr\u00e9dito en callej\u00f3n &#8220;Omoide-Yokocho&#8221; en nuestro barrio, y tambi\u00e9n en la mayoria de casas se cobran &#8220;Otoushi (de pago)&#8221;.<br>\r\n\t\tY cas\u00ed no hay casa que se dividen los asientos para fumadres y no fumadres.<br>\r\n\t\tDebido a que es la ciudad evocadora de la vieja \u00e9poca, por tanto gracias para la comprensi\u00f3n con las reglas anteriores para ustedes a los extranjeros tambi\u00e9n.\r\n\t<\/p>\r\n<\/div>\r\n\r\n<div class=\"shopinfo\">\r\n<h4>Informaci\u00f3n de la nuestra taberna<\/h4>\r\n<dl class=\"en\">\r\n \t<dt>Horario:<\/dt>\r\n \t<dd>de lunes a viernes 15:30\u301c24:00 (\u00daltimo pedido 23:30)<br>\r\nS\u00e1bado y festivo 14:30\u301c23:00 (\u00daltimo pedido 22:30)<br>\r\nDomingo y festivo 13:00\u301c22:00 (\u00daltimo pedido 21:00)<br>\r\n<span class=\"notice\">* P\u00f3ngase en contacto con nosotros sobre el horario de los festivos.<\/span><\/dd>\r\n \t<dt>Cerrado:<\/dt>\r\n \t<dd>Irregular<br>\r\n<span class=\"notice\">* P\u00f3ngase en contacto con nosotros o visite a nuestra p\u00e1gina web para saber los d\u00edas de descanso.<\/span><\/dd>\r\n \t<dt>Address:<\/dt>\r\n \t<dd>1-2-5 Nishi-Shinjuku, Shinjuku-ku, Tokyo, Japan 160-0023<br>\r\n<span class=\"notice\">* Alongside the Omoide-Yokocho train tracks.<\/span><\/dd>\r\n \t<dt>TEL:<\/dt>\r\n \t<dd>03-3344-3117<\/dd>\r\n \t<dt>website:<\/dt>\r\n \t<dd>http:\/\/HORAIYA.com<\/dd>\r\n \t<dt>email:<\/dt>\r\n \t<dd>mail@HORAIYA.com<\/dd>\r\n<\/dl>\r\n<\/div>\r\n<\/div>\r\n","protected":false},"excerpt":{"rendered":"Nuestra casa se abri\u00f3 en 1947. En aquella \u00e9poca era despu\u00e9s de la guerra y hab\u00eda muy poca variedad en la alime [&hellip;]","protected":false},"author":1,"featured_media":31,"parent":0,"menu_order":0,"comment_status":"closed","ping_status":"closed","template":"page-nosidebar-es.php","meta":[],"_links":{"self":[{"href":"http:\/\/horaiya.com\/2\/wp-json\/wp\/v2\/pages\/55"}],"collection":[{"href":"http:\/\/horaiya.com\/2\/wp-json\/wp\/v2\/pages"}],"about":[{"href":"http:\/\/horaiya.com\/2\/wp-json\/wp\/v2\/types\/page"}],"author":[{"embeddable":true,"href":"http:\/\/horaiya.com\/2\/wp-json\/wp\/v2\/users\/1"}],"replies":[{"embeddable":true,"href":"http:\/\/horaiya.com\/2\/wp-json\/wp\/v2\/comments?post=55"}],"version-history":[{"count":5,"href":"http:\/\/horaiya.com\/2\/wp-json\/wp\/v2\/pages\/55\/revisions"}],"predecessor-version":[{"id":744,"href":"http:\/\/horaiya.com\/2\/wp-json\/wp\/v2\/pages\/55\/revisions\/744"}],"wp:featuredmedia":[{"embeddable":true,"href":"http:\/\/horaiya.com\/2\/wp-json\/wp\/v2\/media\/31"}],"wp:attachment":[{"href":"http:\/\/horaiya.com\/2\/wp-json\/wp\/v2\/media?parent=55"}],"curies":[{"name":"wp","href":"https:\/\/api.w.org\/{rel}","templated":true}]}}